7 + 8. Let y = z - -42. What is the tens digit of y?
1
Let l(i) = 9*i**3 + 3*i**2 - 15*i + 15. What is the thousands digit of l(5)?
1
Suppose -5*g = -4*a + 125, 2*g - 40 = -2*a - 0*a. Suppose 0*p + 5*o + a = p, -5*o - 50 = -2*p. What is the units digit of p?
5
Suppose 19861 = 43*j + 339. What is the hundreds digit of j?
4
Suppose 0 = -8*o + 4*o + 4. Let h = 33 + o. What is the tens digit of h?
3
Suppose 3*x + 122 + 211 = 0. Let v = x - -215. What is the units digit of v?
4
Suppose 2888*b + 29348 = 2899*b. What is the hundreds digit of b?
6
Let z = -141 - -141. Let i(x) = x**3 - 3*x**2 - x + 3. What is the units digit of i(z)?
3
Let v be -3 - (-1)/(1/(-1)). Suppose 12*t - 76 = 8*t. What is the units digit of v/(12/t)*-3?
9
Suppose 91*o - 110555 = 20303. What is the thousands digit of o?
1
Let c(n) = -1 - n**3 + 3*n - n - 4*n**2 - 1 + 1. What is the units digit of c(-5)?
4
Let g be 2/6 - 10/(-6). Suppose -3*x = h - 34, 0 = g*x + 7 + 1. What is the tens digit of h?
4
Let h = -7 - 3. Let z = 13 + h. Suppose z + 1 = 4*d. What is the units digit of d?
1
Let y(o) = 97*o**2 - 122*o + 4. What is the thousands digit of y(-3)?
1
Suppose 0*o + 4*o = -f + 27, -3*o - 2*f = -24. Let q be (69/(-6))/(3/o). Let g = q - -38. What is the units digit of g?
5
Let y be (-4 + 1 + 6)*-1. Let x(r) = -2*r**3 - r**2 - 5*r + 7. What is the tens digit of x(y)?
6
Suppose -46 = -2*r - 10. Suppose 3*g + 5*s = 51, -3*g + s + 15 + r = 0. What is the tens digit of g?
1
Suppose -q + 2*q = a + 6, q + 2*a = 15. Let t = q + -9. Suppose -15 = -3*k - 3*w, -3*w = -t*k + k - 1. What is the units digit of k?
7
What is the tens digit of -6*40/(-12)*28?
6
Let x be -1 + 3 + -5 + -7. Let t = x - -6. Let z(d) = 6*d**2 + 7*d - 1. What is the tens digit of z(t)?
6
Let o(x) = 16*x**2 + 36*x - 149. What is the units digit of o(15)?
1
Let d(i) = i - 4. Let o be d(0). Let x be 5/(-1)*o + -2. Suppose -3*g - 4*h = -0*g - 64, g - x = 2*h. What is the tens digit of g?
2
Let f(b) = -b**3 - 6*b**2 - 2*b - 9. Let d be f(-6). Let i be 0 + d*(-1 + 2). Suppose 0 = i*g + j - 19, -j = 4*g - 42 + 17. What is the units digit of g?
6
Suppose -7115 - 669 = -4*y - 4*m, -5*m - 5870 = -3*y. What is the thousands digit of y?
1
Let p = 7 - 8. Let h be (p - (1 - 4)) + -2. Let s = h + 5. What is the units digit of s?
5
Let j be (-3)/(3/9*-1). Let c be (-6)/j - 17/(-3). Suppose 0*b = -4*b + 20, c*p = -5*b + 55. What is the units digit of p?
6
What is the units digit of 572/52 - -1*3?
4
What is the tens digit of (-1 + 2)/(-16*(-12)/204672)?
6
Let h(n) = -3*n**3 - 17*n**2 + 8*n - 12. What is the tens digit of h(-9)?
2
Suppose -n + 3751 = 3*r, -10*r + 2*n + 6248 = -5*r. What is the units digit of r?
0
Let r(o) = -2*o**2 - 5*o + 4. Let b be r(4). Let h = -12 + b. What is the tens digit of (h/(-8))/(2/4)?
1
Let p be -78 - (-4 + 6 + 2*-1). Let i = p - -109. What is the units digit of i?
1
Let s = 559 + 679. What is the thousands digit of s?
1
Let y = -7 - -13. What is the tens digit of 3/y + (-103)/(-2)*1?
5
Let n(c) = c**3 + 5*c**2 + 2*c - 5. Let i be n(-4). Let j(s) = 6*s + 52. Let t be j(3). Let p = t - i. What is the tens digit of p?
6
Let x(f) = -2*f - 54. Let t be x(-20). What is the units digit of 38 + 1/7 + (-26)/t?
0
Let g = -1065 - -1653. What is the hundreds digit of g?
5
Let o be (39/(-2))/(30/(-80)). Suppose -3*y - 3*y = 0. What is the tens digit of (0 - (y - 3)) + o?
5
Let b = -14 - -14. Suppose 2*z = -b*z - 20. What is the units digit of 50/(-8)*(z - -6)?
5
Let p(n) = 14*n. Let t be p(-2). Let z be 3/9 + t/3. What is the units digit of 3/z + (-129)/(-9)?
4
Suppose 0 = 4*b - s - 12, 2*s + 10 = -0*b + b. What is the tens digit of 214 - b/((4/1)/4)?
1
Suppose 0 = -3*z + 960 + 555. Suppose 8*i - z = 3*i. What is the units digit of i?
1
Suppose -s + 4*s - 1746 = -3*q, 2*q - 1173 = s. What is the hundreds digit of q?
5
Let t = 1848 + -1100. What is the hundreds digit of t?
7
Suppose 4*i - 3*a = -a + 18, -4*a = i + 18. Suppose 5*j - i = -0*j - 3*p, 0 = j + 3*p + 2. What is the units digit of j?
1
Let w = -20 + 413. What is the hundreds digit of w?
3
Let l = 1 + -7. What is the units digit of (-550)/l + 6/18?
2
Suppose f + 51 = 2*f + 3*v, 10 = 5*v. What is the tens digit of -178*(-2 + (f/6)/5)?
8
Let k = -65 - -96. What is the units digit of (-1)/(-2) + k/2?
6
Let y(j) = 5*j**2 - 2*j + 1. Let l be y(1). Suppose -3*o = -15, l*o = -2*v + 36 - 8. Suppose 2*z - v = p + 68, -z = p - 39. What is the units digit of z?
7
Let u be 4/(-20) - 93/(-15). Suppose 6 + u = -4*b. What is the units digit of ((-10)/4)/(b/36)?
0
Let b be 12 + 193 - (-1 + 1). Let u = b + -58. What is the hundreds digit of u?
1
Let p(k) be the third derivative of k**6/120 - k**5/15 - 5*k**4/24 - 2*k**3 + 3*k**2. Let f be p(6). Suppose 4*z - f = 22. What is the tens digit of z?
1
Let k(q) = 36*q**3 + q**2 - 4*q + 2. Let c be k(1). Suppose -c = -7*z + 2*z. What is the units digit of z?
7
What is the hundreds digit of (-1 - -540) + (-11 - -15)?
5
Let g(k) = k + 3. Let m be g(0). What is the tens digit of (m/1)/((-6)/(-86))?
4
Let q = -4 + 64. Suppose 4*n = 5*v + 235, 0*v = n - v - q. What is the tens digit of n?
6
Let z be (24/14)/((-8)/(-56)). Let h(c) = c**3 + c**2 + 1. Let t(w) = -5*w**3 - 17*w**2 - 10*w - 4. Let n(r) = 6*h(r) + t(r). What is the units digit of n(z)?
6
Let g(v) = -2*v**3 + 25*v**2 - 6*v + 9. What is the units digit of g(9)?
2
Let l(d) = -46*d**3 + d**2 + d. Let m be 3/(2 + (-15)/9). Let z be 1/(-4) - m/12. What is the units digit of l(z)?
6
Let r = 702 - -71. What is the hundreds digit of r?
7
Suppose 4*m = -12, 0*a - 3*a - 6 = 5*m. Suppose b + 678 = 4*t, 2*b + 840 = 5*t - a*b. What is the tens digit of t?
7
Let d(q) = q**2 + 3*q - 5. Let c = 1 + 0. Let u be c*(1 + -9 + 1). What is the units digit of d(u)?
3
Suppose -2*b - 1766 = -r, -2*r = b - 0*b - 3512. What is the units digit of r/10 - (-24)/(-30)?
5
Suppose -77 = -3*n - g, 3*n - 4*g + 3*g - 85 = 0. What is the tens digit of (6/2 - n)*-2?
4
Let k(z) = -z**3 + 5*z**2 - 4*z + 5. What is the units digit of k(3)?
1
Suppose 1 = 2*w - 3*i, -w + 0*w + i = -2. Suppose o + 220 = w*o. What is the units digit of 27/33 - (-10)/o?
1
Let g = 2291 - 1637. What is the hundreds digit of g?
6
Let s be (-205)/3 + 8/24. Let c = -6 - s. Suppose 0 = 4*q + 2*k - c, 3*q + k = -2*k + 45. What is the units digit of q?
6
Suppose 702*l - 722*l + 27600 = 0. What is the units digit of l?
0
Let t = -16 - -13. Let p(j) = -4*j - 7. Let x be p(t). Suppose 2 = -3*k + x. What is the units digit of k?
1
Let a(u) be the third derivative of u**5/60 + 5*u**4/8 + 3*u**3/2 + 4*u**2. Let h be a(-7). Let i = h + 107. What is the tens digit of i?
6
Let g = 32 - 30. Suppose -5*k + 3*j - 4*j + 280 = 0, g*k = -3*j + 99. What is the tens digit of k?
5
Suppose -3*o + 962 = -2008. What is the tens digit of o?
9
Let p(n) = 6*n**2 + 4*n - 3. Let y(i) = 5*i**2 + 3*i - 3. Let o(t) = -4*p(t) + 5*y(t). Suppose q = -4*q - 25. What is the tens digit of o(q)?
2
Suppose 5 = -4*n + 13. Suppose 2*v - n*r = 52, -2*v - r = -71 + 16. What is the units digit of v?
7
Let u = 794 - 416. What is the units digit of u?
8
Let c = 2 + -10. Let p = 1 - c. What is the units digit of (-28)/(21/p + -3)?
2
Suppose -3*x + 17*x - 504 = 0. What is the hundreds digit of (-15)/(1 - x/33)?
1
Let g be 3 + (-5)/((-15)/(-3)). Suppose -404 = -2*j - 4*k, -j - k - g*k + 199 = 0. What is the units digit of j?
8
Let q(v) = v**3 + 28*v**2 - 3*v + 46. What is the units digit of q(-28)?
0
Let t be 14/(-35) - (-22)/5. Suppose -x = t*x. Let n(q) = q + 20. What is the units digit of n(x)?
0
Let d(n) = n**2 - 8*n - 12. Let f be d(9). Let s be (-3 - f)/3 + 3. What is the tens digit of -1 + s + -4 + 17?
1
Let g be ((-6)/10 + -1)/((-4)/10). What is the units digit of (-118 + -1)/(4/(0 - g))?
9
Suppose 2*u + 3*m + 17 = -0*u, -5*m - 28 = 3*u. What is the units digit of -4 + (-56 - -2)*u?
0
Let u(p) be the third derivative of 1/15*p**5 + p**2 + 0 + 1/12*p**4 + 0*p - 1/6*p**3. What is the tens digit of u(2)?
1
Let t(c) = c**2 - 5*c + 93. What is the units digit of t(27)?
7
Let d = 1717 + -716. What is the units digit of d?
1
Let n(c) = -7*c - 6. Let i be n(-7). Suppose 18*h - 17*h - i = 0. Suppose y = -0*y + h. What is the tens digit of y?
4
Let j = -151 + 221. Suppose 4*u + 2*h - j - 146